 -181. Suppose 32*k + p = 37*k. What is the units digit of k?
4
Let d be (-7)/(-14) + 39/2. Let t be (-2)/4 + 10/d. Suppose 0 = -a - t*a + 35. What is the tens digit of a?
3
Suppose 4*i = g - 19, i - 4*g - 10 = 4. Let r = 8 - i. What is the tens digit of r?
1
Suppose -2108 = g - 4*y - 6127, 3*y + 12012 = 3*g. What is the hundreds digit of g?
9
Let x be (-1 + -7)*(17 + -6). Let m = x - -127. What is the units digit of m?
9
Suppose 8 = 17*s - 13*s. Suppose -s*i + 3 = 1. What is the units digit of i?
1
Let t = -346 - -579. What is the tens digit of t/3 - 2/3?
7
Suppose 66*r + 20*r - 302978 = 0. What is the thousands digit of r?
3
Suppose -3*o - 2*j - 3*j + 38 = 0, 0 = -j + 4. Suppose -3*u + 12 = -3*r + o*r, -5*u - 34 = -r. Let c = -3 + r. What is the units digit of c?
6
Let a(d) = 79*d**2 + 7*d + 17. What is the hundreds digit of a(-2)?
3
Suppose -467 = -v - 5*g + 50, 5*v = 5*g + 2705. What is the hundreds digit of v?
5
Suppose 3*v - 10778 = -14*v. What is the hundreds digit of v?
6
Let f = -577 - -976. What is the tens digit of f?
9
Let s be (-2 + 0)*12/(-4). What is the hundreds digit of (((-3)/s)/1)/((-6)/1692)?
1
Let g(x) = -x**2 + 7*x - 109. Let r be g(0). Let q = 36 - r. What is the tens digit of q?
4
Suppose 0 = -s - 36 + 528. What is the units digit of s/27 + (-4)/18?
8
Suppose -5*f = i + 11, -i + f + 1 + 0 = 0. Let s = -64 + 37. What is the tens digit of i + 1 - -3 - s?
3
Let t = -171 - -66. Let q = 179 + t. What is the tens digit of q?
7
Let l(m) = m**3 - 7*m**2 + 4*m - 1. Let y be l(7). Let h = 446 - 353. Suppose -h = -2*a + y. What is the tens digit of a?
6
Let o(j) = -j**3 - j. Let w(r) = 7*r**3 - 31*r**2 + 33*r + 33. Let y(m) = -6*o(m) - w(m). What is the units digit of y(30)?
7
Let c(o) = -4*o - 1. Let h be c(-1). Suppose -l = 3*k - 1, -5*l + 5 + 0 = -h*k. Suppose 2*x - 25 - 63 = k. What is the tens digit of x?
4
Let h(w) = -w**3 - 5*w**2 - 5*w - 2. Let g be h(-4). Suppose 0 = g*q + 3*q + 4*p - 111, 64 = 4*q - 3*p. Let i = q + -16. What is the units digit of i?
3
Let g = 3607 - 2896. What is the units digit of g?
1
Let b(k) = 3*k**2. Let s be b(2). Let v = s + -6. What is the tens digit of (3/v)/((-1)/(-26))?
1
Let t be 20/6*12/(-8) - 1. What is the tens digit of (530/30)/((-1)/t)?
0
Let r(j) = 317*j + 65. What is the tens digit of r(3)?
1
Suppose -5*b - x + 1266 = 0, 25*x - 23*x + 1010 = 4*b. What is the tens digit of b?
5
Let n(j) = -27*j - 184. Let o be n(-7). Suppose 4*b - 176 = 432. Suppose -c = -3*g - 0*g + b, -252 = -o*g + c. What is the units digit of g?
0
Suppose -75 = -4*q - q. Suppose 4*o - 14 = -u, 3*u + 0*u + 3*o = q. Suppose -u*f - 40 = -6*f. What is the tens digit of f?
1
Let c be 2*(-2)/(-4) + 2. Let y(v) = -c*v + 6 + v**3 + 7*v - 4*v**2 + 9*v**2. What is the units digit of y(-4)?
6
Suppose -4*z + 2256 = -n, 0*z = 2*z - 5*n - 1110. What is the units digit of z?
5
Let l be -3*(-2 + (-15)/9). Suppose -7*q - 8 = -l*q. Let j = 15 + q. What is the tens digit of j?
1
Suppose 0 = -119*b + 109*b + 10680. What is the hundreds digit of b?
0
Suppose 3*k + 22 = 5*p, 0 = 3*k + 4*p - 21 - 2. Let z be (k + 7)/(-4 + 3). Let r = 10 + z. What is the units digit of r?
2
Suppose 8*u + 128 = 6*u. What is the units digit of u/(-6)*(-63)/(-28)?
4
Suppose 0 = -m + 5*o + 269 + 726, -5*m + o = -4879. What is the units digit of m?
5
Let v = 92 + -55. Let m = 12 + v. What is the tens digit of m?
4
What is the units digit of 105/42 - 1497/(-6)?
2
Let g(n) = n**2 + 11*n + 62. What is the tens digit of g(-19)?
1
Let d be (-5)/((-15)/(-462)) - 1. Let r = -70 - d. Suppose 5*f = -0*f + r. What is the units digit of f?
7
Suppose -3*s = 3*n - 1224, 4*s - 2032 = 4*n - 360. What is the units digit of s?
3
Let h(u) = 3*u**3 - 2*u**2 + 2*u + 4. Let t be h(3). Suppose t = 4*v - 119. What is the tens digit of v?
4
Let b(o) be the first derivative of -2*o**3/3 - 2*o**2 - 7. Let u be b(-6). Let k = 90 + u. What is the units digit of k?
2
Let q = -176 - -492. What is the units digit of q?
6
Suppose 0 = -3*n + 5*b + 7587, 0 = 7*n - 9*n - 3*b + 5058. What is the units digit of n?
9
Let n be 3*2/12*24. Let o = n - -55. What is the units digit of o?
7
Suppose 0 = a - 2 + 7. Let b(k) = -2*k**2 - 14*k + 1. Let s be b(-4). What is the units digit of ((-38)/a)/(10/s)?
9
Suppose 0 = -2*v + 2*n - 16, -v + 2*v = 3*n - 2. What is the tens digit of (v - 0)*-1 + 2?
1
Suppose 0 = 3*c, 19 = -0*r + r + 4*c. Let w(b) = 21 + 44*b**2 - b + 3*b - r. What is the tens digit of w(-1)?
4
Suppose 1330 = 11*n - 78. What is the hundreds digit of n?
1
Let s(g) = g**3 + 7*g**2 + 4*g + 7. Let b be s(-5). Let f(k) = 2*k + 26. Let y be f(-13). Let z = y + b. What is the units digit of z?
7
Suppose -21*r = -s - 25*r + 1656, 4*s - 3*r = 6605. What is the units digit of s?
2
Let k(t) = -2*t - 9. Let s be k(-6). Suppose -s = 2*x + l, 4*x + 5*l = -8 - 7. What is the tens digit of 17 - x - 24/8?
1
Let o(l) = -l**3 - 17*l**2 - 26*l - 9. What is the units digit of o(-16)?
1
Let g be ((-24)/(-9))/(-4)*-57. Let a(h) = h + 38 - g. What is the units digit of a(6)?
6
Suppose -896 = -k - 5*j, 3*j = -0*j - 9. What is the hundreds digit of k?
9
Suppose 0 = t - 6. What is the units digit of (-1 + 0 + t/(-4))*-2?
5
Let y(w) = -w**2 - 2*w + 7. Let d be y(-3). Suppose -d*b = -5*b + 118. Suppose 0 = -5*x + b + 17. What is the units digit of x?
7
Suppose q + 2*c + 1 = 0, 4*q - c + 10 - 33 = 0. Suppose 2*b + 3*s - 71 = 9, 0 = -q*b + s + 200. What is the tens digit of b?
4
What is the tens digit of (1 - -843)/(-2)*65/(-130)?
1
Let w = 8991 - 6349. What is the units digit of w?
2
Let r be 596*(1 + 18/12). Suppose 4*o = -2*v + 844, 5*o - r = 2*v - 417. What is the units digit of o?
3
Suppose -2*x - 6 + 22 = 4*h, 0 = 5*x - 4*h + 30. What is the tens digit of 99 - x*2*9/(-12)?
9
Suppose 3*g - 6*g + 18 = 0. Suppose -5*p + g*s - 2*s + 29 = 0, -3*s + 21 = p. What is the units digit of (-81)/(-6)*12/p?
8
Suppose -30*d = -d - 95439. What is the tens digit of d?
9
Let p = -29 + 91. What is the tens digit of p?
6
Let y = -10 - -8. Let b be (-2 - 9)/(y/4). Suppose 2*z - 68 = -b. What is the units digit of z?
3
Let k(y) = 34*y**3 + 2*y - 1. Let o be k(1). Suppose -5*z + o = p - 10, z - 28 = -4*p. What is the units digit of z?
8
Let d = 73 - 75. What is the tens digit of 4/(-6) + d/(-9)*507?
1
Let a be (-6)/(-3) + -5 + (-2)/(-2). What is the tens digit of (76 - 2) + a + -3?
6
Suppose -5*u - 1059 = -2*s, -6*s + 2694 = -s + 3*u. What is the hundreds digit of s?
5
Suppose -5*h = -m - 21, m = -2*m + 4*h - 8. What is the units digit of 21*m + 3 + -5 + -1?
1
Let n(f) = -f - 3*f**3 + 2*f**2 - 3*f**2 - 2*f**2 + 2*f**2. Let q be n(-1). Suppose 2*o = -4*m + 42, o - q*o + 42 = m. What is the units digit of o?
1
Suppose -5*h + 4*h = 12. Let v = 7 - -20. Let j = v + h. What is the tens digit of j?
1
Let a(z) = 5 - 4*z**2 + 8*z - 12*z + 5*z**2. Let w be a(4). Suppose -6 = -w*f + f - 2*j, -f = -5*j - 7. What is the units digit of f?
2
Suppose -7*k + 15 = 1. Let f = 35 - k. What is the tens digit of f?
3
Suppose 4*b = b - 33. Let p = b + 24. Suppose -p*h + 11*h = -76. What is the units digit of h?
8
Suppose 2*c + 7 - 3 = 0. Let y(m) = -22*m**3 - 4*m**2 - 3*m + 3. What is the tens digit of y(c)?
6
Let r(p) = -p**3 - 7*p**2 + 6*p + 3. Let j(h) = 3*h + 6. Let d be j(-5). What is the hundreds digit of r(d)?
1
Suppose -71*m + 67*m + 4 = 0. Suppose -c = 2 - 1. What is the units digit of 128/4 - (c + m)?
2
Let s = -109 + 113. Suppose s*f - 432 = -2*g, 0 = g - 2*f - 322 + 94. What is the hundreds digit of g?
2
What is the hundreds digit of (736/6)/(3 - 32/12)?
3
Suppose -20 - 40 = -6*m. Let n = 3 - m. What is the units digit of (-4)/(-28) + (-34)/n?
5
Let m(i) = -3*i**2 + i. Let g be m(-1). Let y(s) = -5*s**2 - 2 + 5*s - s**3 + 6 - 2*s + 2*s**2. What is the units digit of y(g)?
8
What is the tens digit of (157785/(-1206))/(2/(-12))?
8
Suppose 5*y + 55 = r - 55, 3*r = 4*y + 275. What is the tens digit of r?
8
Let f be 1/(((-42)/(-9) - 4)/2). Let t = 6 + -3. Suppose 5*h = -t*q + 85, -f*q + 55 = -h - 0*h. What is the tens digit of q?
2
Let a = 254 + -152. What is the hundreds digit of a?
1
Let k(r) = -r**3 + 6*r**2 + 3*r - 9. What is the hundreds digit of k(-7)?
6
Suppose -5226 = 5*y - 18*y. What is the tens digit of y?
0
Suppose 2*k = -0*k + 2*o + 6,